the tens digit of c?
4
Let v(y) = 5*y - 15. Let t be (1 + -4)/(0 + -1). Suppose 3*q - 45 = -4*i, -i = -t*i + 2*q + 26. What is the tens digit of v(i)?
4
Suppose 60 = 2*n - 4*a, -5*a + 55 = 4*n - 0*a. Let f(c) = c + 4. What is the tens digit of f(n)?
2
Let l(n) = -179*n + 698. What is the units digit of l(-8)?
0
Suppose -16 = -q - v - 2, -3*q + v = -22. Let x be q/3 + 0 + 2. Suppose -2*w - x*b + 95 = 3*w, 80 = 4*w + 5*b. What is the units digit of w?
5
Let k(x) be the second derivative of -8*x**3/3 - 2*x**2 - x. Let u be k(2). Let t = u - -77. What is the units digit of t?
1
Let c = 21594 + -14895. What is the tens digit of c?
9
Let q be 3*8*(-2)/(-12). What is the units digit of 99/q - (-1)/4?
5
Let g(z) be the first derivative of -z**2 - 8*z + 5. Let b be g(-5). Suppose -b*j = 2*v - 34, -5*v + 0*j + 84 = 4*j. What is the tens digit of v?
1
What is the tens digit of 46 + 0 + -3 + 8?
5
Suppose -34*p = -6194 - 25902. What is the units digit of p?
4
Let l = 253 - 167. Let x = -61 + l. What is the tens digit of -4 + 8 + x + -2?
2
Suppose w = j - 73, -4*w - 138 = j - 3*j. What is the tens digit of 1 - (5 + -2*j)?
5
Suppose j - 4*f - 66 = 59, 4*j - 437 = -5*f. What is the units digit of j?
3
Let m = 16 - 10. Suppose m*i = 2*i + 16. Suppose 4 = -2*q - 0*q, i*s + 3*q - 50 = 0. What is the tens digit of s?
1
Let z(x) = x**2 - 7*x + 145. What is the hundreds digit of z(29)?
7
Let u be 30/(-20) - 2/4. Let x(o) = -10*o + 4. What is the units digit of x(u)?
4
Suppose 0 = -44*h + 38*h + 714. Let n be (-3)/(-2)*7*2. Suppose 5*a - h = n. What is the tens digit of a?
2
Let h = 49 + -44. Suppose 2*t - 34 + 190 = h*l, 4*l - 124 = 2*t. What is the tens digit of l?
3
What is the hundreds digit of 8 + (-9 - 5) + (752 - -1)?
7
Suppose m - 292 = 3*n + 379, -3*m - 5*n + 2027 = 0. What is the tens digit of m?
7
Let k = 546 - -337. Suppose 4*q = 3*g + k, -4*q - 17*g + 888 = -21*g. What is the units digit of q?
7
Let a be 6/(-33) - 512/88. Let i = -3 + -7. What is the units digit of -3 + (a - -3 - i)?
4
Let o = 2 + 1. Suppose -v - 77 = -2*v + o*c, -331 = -5*v - 3*c. Suppose -j - 59 = -4*h, 5*h + 4*j + 10 = v. What is the units digit of h?
4
Let a(u) = 3*u + 8. Let w be a(-4). Let c be ((-4)/8)/((-1)/(-94)). Let q = w - c. What is the units digit of q?
3
Let q = -2602 - -5835. What is the tens digit of q?
3
Suppose 8 = -3*i + 2*i - 3*s, 0 = -s - 2. Let y(o) = -18*o + 1. What is the units digit of y(i)?
7
Let b(r) = 2*r**2 - r + 9. Suppose -g = g. Let z be b(g). Suppose -4 = z*k - 10*k. What is the units digit of k?
4
Let g(m) = 2*m + 2 - 3 - 5 + 0. Let h be g(5). Suppose -a = h*a - 70. What is the tens digit of a?
1
Suppose 3*n - 351 = -2*l + 6*l, -4*l = 5*n - 585. Let i = n - 59. What is the tens digit of i?
5
Suppose -264*r + 261*r = -855. What is the hundreds digit of r?
2
Let s(v) = v + 11. Suppose -w = -4*d + 3 + 8, -d - 3*w + 19 = 0. Let n be (d/6)/(7/63). What is the units digit of s(n)?
7
Suppose 3*n = 5*g + 508, -84 + 420 = 2*n - 4*g. Suppose -3*w + 19 = -n. What is the tens digit of w?
6
Let n(s) = 38*s**2 - 4*s - 4. What is the units digit of n(-2)?
6
Let j(n) = n**3 + 9*n**2 - 11*n + 1. Let g be j(-10). Suppose -15*m + 96 = -g*m. What is the units digit of m?
4
Let x = -62 + 65. What is the units digit of (43/4 - x)/((-2)/(-64))?
8
Suppose 372 + 732 = 2*r. What is the units digit of r?
2
Let q(i) = -i**3 + 3*i**2 - 1. What is the tens digit of q(-3)?
5
What is the hundreds digit of (-3 - (-9)/(-6))/(30/(-9840))?
4
Suppose -3*q + 1588 = -698. What is the units digit of q?
2
Suppose 0 = 4*j + j + k - 11, 0 = 2*j - 4*k. Suppose -j*g = 3*p, -g = -4*g - 9. Suppose 3*a - 2*b - 29 = 2*b, -4*a - p*b + 24 = 0. What is the units digit of a?
7
Let o(c) = -c**2 - 8*c + 12. Let m be o(-9). Suppose -4*q + 600 = b - 5*b, 0 = -4*q + m*b + 598. Suppose -3*h = -7*h + q. What is the units digit of h?
7
Suppose 30*m - 13*m = 697. What is the tens digit of m?
4
Let m = 121 - -11. Suppose 0 = -4*p - b + 143, m + 26 = 4*p - 2*b. What is the tens digit of p?
3
Let f = 2165 + -1355. What is the units digit of f?
0
What is the thousands digit of (-1404)/(-36)*(2 + (-206)/(-3))?
2
Let z(y) = 51*y + 6. What is the tens digit of z(2)?
0
Let p be (115/5)/((-1)/(-1)). Suppose -5*l - p = m, 2*l + 4 = m - 1. What is the tens digit of 25 - (1 - 1 - m)?
2
Let p(q) = q + 1. Let r(o) = 2*o + 29. Suppose -3*s - m = 2, 0 = 4*s - m + 5. Let z(y) = s*r(y) + 6*p(y). What is the units digit of z(18)?
9
Suppose -2*h + 81 = -7. Let w = 100 - h. What is the units digit of w?
6
Let v = 1059 - 477. Suppose 3*i + 0*s = s + v, -5*i + 2*s = -971. What is the units digit of i?
3
Suppose 0 = 2*h - 4734 - 4958. What is the tens digit of h?
4
Let o(r) = r**2 + 11*r - 10. Let l be o(-12). Let v = -34 + 36. Suppose -6 = l*k - v*x, -4*k + 4 = 4*x - 16. What is the units digit of k?
1
Let a be 6 + (2/(-2) - 0). Suppose 0 = 4*j + 8, -a*y - j + 6*j = -270. What is the units digit of y?
2
Let k = 19 - 12. What is the tens digit of (-3)/((84/(-320))/k)?
8
Suppose -5*q + 0*x - 50 = 5*x, -46 = 5*q + x. Let z = q + 21. Let u(c) = c**2 - 11*c - 2. What is the tens digit of u(z)?
1
Let o(s) = -s**2 - 9*s. Let f(m) = -2*m - 10. Let g be f(-9). Suppose 0*y - 2*y = 4*h + 28, 0 = 2*y + g. What is the tens digit of o(h)?
2
Let j(c) = -7*c - 5*c + 1 - 6 + 10*c + c**2. Suppose -4*f - 5*o = -4*o - 23, f - 2*o - 17 = 0. What is the tens digit of j(f)?
3
What is the hundreds digit of (-6 - -7)*2 + 1084?
0
Let h be (24*1)/(-12 - -11). Let j = -37 - h. Let t = j - -40. What is the units digit of t?
7
Let u(c) = -15*c - 4. Let q be u(-5). Let j(x) = -x**2 - x + 6. Let v be j(6). Let b = q + v. What is the tens digit of b?
3
Let b = 309 + -208. Let g = b + -174. Let q = 119 + g. What is the tens digit of q?
4
Suppose -13*j - 1 = -14*j. What is the units digit of 122/((j + 1)*1) - 1?
0
Let v = -42 + 82. Suppose 2*a = -3*j + 4*j - v, 25 = 5*a. What is the tens digit of j?
5
Let p = -718 + 1622. What is the hundreds digit of p?
9
Let a be (-5 - -7)*(-2)/4. What is the hundreds digit of (-14 + 20)/(a/(-34))?
2
Let h be 12/9*126/4. Suppose t - 5*t = -3*o + h, 0 = -3*o - 3*t + 42. Suppose d + o = 52. What is the units digit of d?
8
Suppose 0*h = h + 4, -13 = c + 4*h. Let r be c + (1 - (2 + -12)). What is the tens digit of (7/(r/(-68)))/(-2)?
1
Suppose 0 = -33*t + 63*t - 8430. What is the hundreds digit of t?
2
Let j = -231 + 437. What is the units digit of j?
6
Suppose q = 2*q - 5*o - 199, 0 = -3*o - 15. Let r = q + -92. What is the units digit of r?
2
Let g(k) = -69*k + 10. Let n be g(-3). Suppose -2*j + c + 73 = -j, -c = -3*j + n. What is the units digit of j?
2
Let z be 1 + (2/(-1) - -3). Suppose 5*d - z*m - 389 = -92, 3*d + 2*m = 191. Let l = -35 + d. What is the units digit of l?
6
Let u(h) = 36*h**2 - h - 1. Let x = -19 - -20. Let l = x + -2. What is the units digit of u(l)?
6
Let o(q) = -2*q - 19. Let k = 1 - 2. Let u be (0 + k + -1)*7. What is the units digit of o(u)?
9
Let a(g) = -g**3 - 2*g**2 + 5*g + 6. Let b be a(-4). Suppose 156 - b = -6*f. Let k = -19 - f. What is the units digit of k?
4
Let q(w) = -w**2 + 19*w - 5. Suppose 25 = 2*n + 4*d - 29, 3*n + 4*d - 71 = 0. What is the units digit of q(n)?
9
Suppose 2*n = -0*n + y - 18, 5*n - 4*y + 45 = 0. Let a be ((-6)/n)/((-2)/(-294)). Suppose 4*x - 2*x - a = 0. What is the units digit of x?
9
Let f be (-48)/(14/(-4) + 2). Let m = 38 - f. What is the units digit of m?
6
Let u(q) = -16*q - 12. Let b be u(-4). Let j = b - 28. What is the units digit of j?
4
Suppose 57*n - 59*n + 3052 = 2*d, 2*d - 5*n = 3087. What is the hundreds digit of d?
5
Let a(t) = 4*t + 257. What is the tens digit of a(-26)?
5
Let a be ((-5)/15)/((-2)/(-6)). Let h be 24/32*(-4)/a. Suppose -175 = -h*g - 64. What is the units digit of g?
7
Suppose 2*d - 2*v - 3 + 13 = 0, -d - v = -1. Let o = -10 + 4. Let w = d - o. What is the units digit of w?
4
Let j(b) = b**3 - 6*b**2 + 39*b + 6. What is the tens digit of j(11)?
4
Let u = 13 + -10. Suppose 2*o - 69 = -5*k, 3 = -u*k + 3*o + 36. Let q = -11 + k. What is the units digit of q?
2
Suppose y + 4*o - 237 = 0, -4*y + 178 = 5*o - 759. What is the units digit of y?
3
Let l = 343 + -225. Let k = l - 56. What is the tens digit of k?
6
Suppose -952 = -w + 4*i - 302, -5*w + 3*i